- 105 = 447. Let j(y) = 10*y**2 - 30*y + 37. Is j(r) a prime number?
True
Let a be -10*(-4 - (-27)/6). Let n(y) = -y**3 + y**2 - 15*y - 68. Is n(a) prime?
True
Let q be (-220)/(-32) - (5 + (-287)/56). Let p(l) = 24*l**2 - 9*l - 8. Let b be p(-6). Suppose 21 = -q*g + b. Is g a prime number?
True
Suppose 0 = 3*o + q + 2534, 2*q + 3*q = o + 866. Let y be (-1606)/4 - 2/(-4). Let l = y - o. Is l prime?
False
Let z(k) = -7*k - 97. Let l be z(-15). Suppose l*j - 76877 = 207435. Is j a prime number?
False
Is (((-2)/(-8))/(9/36))/(3/233391) prime?
True
Suppose 32*z - 30*z = 8. Suppose 2*a - z*n - 13466 = 0, -41*a + 43*a - 13466 = -4*n. Is a a composite number?
False
Suppose -356531 = -2*g - 5217. Is g composite?
True
Suppose -67758 = -4*q + x + 214677, 2*x + 211835 = 3*q. Is q prime?
True
Suppose -946928 - 279311 = -5*s + 4*n, -s + 245255 = n. Is s composite?
False
Let r = 974 + 128. Let f = r + -575. Is f a composite number?
True
Let z be 19902/(-248)*(-8)/6. Suppose 2*j = z + 3767. Is j prime?
False
Suppose -l - r - 4 = 0, 2*l - 4*l - 3*r - 6 = 0. Is (796/(-8) + l)*-2 a prime number?
True
Let y(h) = 17*h**3 + 3*h**2 - h - 3. Suppose 12 = -l - 5*f, 4 + 12 = -4*l - 4*f. Let a be y(l). Let i = a - -264. Is i composite?
False
Suppose 3*d + 2 = 3*r + 35, -2*d - r + 16 = 0. Suppose -d*b - 4*s - 89152 = -13*b, -2*b + 44564 = 2*s. Is b a composite number?
True
Let b = 13 - 9. Suppose -3 = b*n - 3*n. Is 360/48*(-22)/n a prime number?
False
Suppose 0 = s - v + 42671, 5*v = -4*s - 51961 - 118741. Let i = -30032 - s. Is i a composite number?
False
Let d(n) = 2163 + n**3 - 2188 - 3*n**2 - 11*n + n. Is d(16) a composite number?
True
Suppose -189784 = -439*v + 383*v. Is v a composite number?
False
Suppose 0 = -3*a + 2*a - 4*z + 110661, 5*a - 553220 = -3*z. Is a composite?
False
Suppose t + 3*q + 3 = -13, -7 = 2*t + q. Is -49 - -47 - (-3013)/t*-1 composite?
False
Let h(l) = -l**2 + 4*l + 7. Suppose 4 = 2*p - 2*a, 2*a = p - 3*a + 10. Let i be h(p). Suppose i*v = -2*q + 2788, 3*q = -v + 817 + 571. Is v a prime number?
False
Suppose -3*z = -13*z + 30. Suppose 652 = -z*x + 7*x. Is x prime?
True
Let v be -1*3 + (-56)/(-4). Let h(i) = 3*i**3 - 9*i**2 - 14*i - 15. Is h(v) prime?
False
Suppose n = -4122 + 13590. Suppose -16*j + n = -4*j. Is j composite?
True
Let s(l) = -l**2 - 79*l - 1189. Let v be s(-61). Suppose b = 4*b - 654. Let r = v + b. Is r a prime number?
True
Is -6 - 4442522/(-77) - 19/209 a prime number?
True
Let l(f) = 935*f**2 - 3*f + 12. Let c be l(-5). Suppose 0*w + 23408 = 2*w + 5*i, 2*w + 2*i - c = 0. Is w a composite number?
False
Let s = 90181 + -56582. Is s composite?
False
Suppose -3*s = 171*r - 167*r - 150039, -r = -5*s + 250111. Is s a prime number?
True
Suppose 3*s - 3 = 27. Let a(y) = y + 11353. Let c be a(0). Suppose -s*i + c = 1263. Is i prime?
True
Suppose -12*c + 533441 - 56453 = 0. Is c composite?
False
Suppose 6 = -a + 12. Let x(w) = 16*w**3 - 8*w + 10. Let v be x(a). Suppose -4*m = -j - v - 2580, 0 = 4*m - 4*j - 6004. Is m prime?
True
Suppose -309222 = 474*a - 477*a + 5*r, 5*r = 15. Is a composite?
False
Let x = 34 + -33. Is (-14)/7 - (-2793 + (3 - x)) a composite number?
False
Let q(z) = 43*z**2 + 3 - 57*z - 56 + 5*z**3 - 15*z**2. Let f(m) = 2*m**3 + 9*m**2 - 19*m - 18. Let r(s) = 8*f(s) - 3*q(s). Is r(14) a prime number?
True
Let b be (-14 + 16)*70/4. Let v = -25 + b. Is ((-127)/(-5))/(2/v) a prime number?
True
Let u(q) = 46*q**3 - 30*q**2 + 13*q + 43. Is u(12) composite?
False
Suppose -4*b - 18163 = -82283. Let i = b + -8733. Is i a prime number?
True
Suppose -17*k + 34 = -17. Suppose 2*c = -2 - 6, -k*f + 4721 = -2*c. Is f a prime number?
True
Let r = -4 - -8. Let g = r + -8. Is (145 - (-1 - -3)) + g a composite number?
False
Let n be -1*2/(-4)*152. Let u = n - 70. Suppose 3*f - 1258 = -t, 1 - u = -f. Is t composite?
True
Let x(z) = 825*z**3 - 5*z**2 - 2*z + 6. Let h be x(2). Let m = 6629 + h. Is m prime?
False
Let u be 10/3 + (-8)/60*-5. Suppose -2*b + 8 = 3*g, 2*b - 16 = -3*g + u*b. Suppose 3*a = -3, -g*s + 708 = s - 3*a. Is s a prime number?
False
Suppose -3*x - 512 + 500 = 0, -1022293 = -5*l - 3*x. Is l a composite number?
False
Let c(s) = -4*s**3 + 22*s**2 - 15*s + 407. Is c(-30) composite?
False
Suppose -5*g + 33689 = -2*r, 7*g = 4*g - 4*r + 20203. Is g composite?
False
Suppose 2*h - 10 = 0, 19*k = 22*k - 5*h + 16. Is 3189 + 9 - (21/k - 3) prime?
False
Suppose -5*y = -2*f - 14, -35*y = -33*y - 5*f - 14. Suppose 0 = -2*j + 4*a + 4646, -a = -y*j - 6*a + 4691. Is j a prime number?
True
Suppose 100 - 10 = 6*z. Suppose 109*j - 112*j + z = 0. Suppose 0 = 2*k + 2*p - 0*p - 5464, -4*k + j*p + 10937 = 0. Is k composite?
True
Let d be 6/(-4) - 36/(-8) - -1. Let k be (-4)/6*(-231 + 6). Suppose -3*j - 3*v + k = -0*j, d*j - 5*v = 191. Is j a prime number?
False
Suppose -5*y + 4164 = 3*c, 0 = -y + 6*y + c - 4168. Let b = y + -473. Is b a composite number?
True
Let y(o) = 33*o**3 - 6*o**2 + 27*o - 59. Is y(3) a prime number?
True
Suppose 0 = 2*x + 2*p - 15836, 2*x + 4*p - 7913 - 7931 = 0. Suppose -4*z + 4*q = -0*q - 10544, x = 3*z - 5*q. Is z composite?
False
Let y(l) = -l**3 - 4*l**2 - 3*l + 3. Let f = 25 - 28. Let r be y(f). Is -1*r + 0 + (-1606)/(-11) prime?
False
Suppose 0 = -549*c + 553*c - 31032. Let u = c + -2981. Is u composite?
True
Suppose -427*a + 47868439 + 112917108 - 44786300 = 0. Is a composite?
True
Let u be 696*3*4/24. Suppose 3*q - 423 = u. Suppose q = -4*v + 2061. Is v a prime number?
False
Suppose 11*o + 231087 + 510001 = 43*o. Is o prime?
True
Suppose 5*k = -0*f - 2*f + 80, 5*k + 95 = 3*f. Is -4 + (-5)/(f/(-129381)) a composite number?
True
Let t(i) = 7*i**3 + 3*i**2 + 7*i + 13. Let n be t(-7). Let w = -4472 - n. Let m = w + 5591. Is m a prime number?
False
Let q = 107187 - -166586. Is q prime?
True
Let t = 113640 - 78931. Is t prime?
False
Suppose -13*h = 18 - 44. Let d be (-12396)/(-21) + 3/((-21)/h). Suppose -14*v - d = -15276. Is v a prime number?
True
Suppose 3*z + 331450 = a, 4*z - 994337 = -111*a + 108*a. Is a a composite number?
False
Let c = -8128 - -24047. Is c composite?
False
Let y(c) = 674*c**3 + 10*c**2 - 18*c + 7. Let r(n) = -1348*n**3 - 22*n**2 + 38*n - 15. Let b(w) = 4*r(w) + 9*y(w). Is b(2) composite?
True
Suppose 0 = 25*v - 23*v + 222. Let f = 263 - v. Let a = f - 151. Is a a composite number?
False
Let z(k) = 1489*k + 4368. Is z(85) a composite number?
True
Let n = -22846 + 40469. Is n a prime number?
True
Suppose -48*k = -60*k + 60. Suppose 0 = 4*q + k*q - 15399. Is q prime?
False
Suppose -3*s = -156 + 114. Let n be 8/s*7/2 + -211. Is 35 + -33 - (0 + n) a prime number?
True
Suppose -37*s = -4*k - 33*s + 233124, -2*s + 174863 = 3*k. Is k prime?
False
Let f(o) = 1209*o + 2599. Is f(88) prime?
True
Let v(n) be the third derivative of -27*n**4/8 + 289*n**3/6 + 147*n**2. Is v(-16) composite?
True
Suppose 0 = -109*t + 370*t - 115849287. Is t a composite number?
False
Suppose -11183346 = -180*g + 9916794. Is g composite?
False
Let d(h) = -h**3 + 14*h**2 - 10*h - 4. Let g be -1*((-44)/(-6))/((-2)/3). Let b be d(g). Let c = b + -131. Is c prime?
False
Let q = 72659 + 103834. Is q a prime number?
False
Let p be (5/(-6))/(-5) + 834974/(-228). Let n = 6104 + p. Let j = n + -1271. Is j a prime number?
True
Let m(i) = i**2 + 9*i - 11. Let a(t) = t**2 - 15*t + 33. Let p be a(11). Let z be m(p). Let v(x) = 3*x**3 - 24*x**2 + 10*x - 6. Is v(z) composite?
False
Let m(k) = 2*k**2 + 4*k**2 + k**2 + 1 + 93*k - 102*k. Is m(31) prime?
True
Suppose -4*f + 2*f = -5*h + 298051, 4*h + 2*f = 238448. Is h composite?
False
Is (-9 + 7)/((-4)/200254) a prime number?
False
Let o(n) = 2*n**2 - 12*n + 13. Let k be o(6). Let b(a) = -20 + 10 + 5*a - k + 5*a**2. Is b(8) composite?
False
Let f be 0*2/4*(-1)/(-4). Suppose -7*s + 11*s - 24 = f. Let o(x) = 53*x - 20. Is o(s) prime?
False
Suppose l = -0 + 1, 0 = -5*o - 3*l + 73. Suppose 0 = 13*c - o*c + 3*f + 2456, 12232 = 5*c + f. Is c prime?
True
Let l be (6/5)/(3/((-150)/(-20))). Suppose -2*u + 3 = 1, l*g = 3*u + 24786. Is g composite?
False
Let r be 3/(-6)*(-3605 + 5)/6. Suppose -13683 + r = -3*s. Is s prime?
False
Suppose 16*b - 10*b - 701352 = 0. Suppose 10*x - b = -2*x. Suppose -4*t + 4*g + 13020 = 0, 3*g - x = -2*t - t. Is t a composite number?
False
Suppose 0 = -28*y + 25*y - 9. Is 190